{"id":550,"date":"2023-06-29T18:15:51","date_gmt":"2023-06-29T21:15:51","guid":{"rendered":"https:\/\/movetoursp.com\/?post_type=product&#038;p=550"},"modified":"2025-12-10T02:55:09","modified_gmt":"2025-12-10T05:55:09","slug":"tour-completo-em-sao-paulo","status":"publish","type":"product","link":"https:\/\/movetoursp.com\/index.php\/produto\/tour-completo-em-sao-paulo\/","title":{"rendered":"Tour Completo em S\u00e3o Paulo"},"content":{"rendered":"<p><strong>Inclui:<\/strong><\/p>\n<ul>\n<li class=\"seKux _d _c\"><span class=\"biGQs _P pZUbB KxBGd\">Transporte em veiculo totalmente equipado<\/span><\/li>\n<li class=\"seKux _d _c\"><span class=\"biGQs _P pZUbB KxBGd\">Guia de Turismo credenciado e experiente<\/span><\/li>\n<li class=\"seKux _d _c\"><span class=\"biGQs _P pZUbB KxBGd\">Motorista para grupos maiores que 3 pessoas. Caso contr\u00e1rio, o pr\u00f3prio guia conduz o ve\u00edculo.<\/span><\/li>\n<li class=\"seKux _d _c\"><span class=\"biGQs _P pZUbB KxBGd\">Todos os impostos, taxas de manuseio e taxas de estacionamento durante as paradas.<\/span><\/li>\n<\/ul>\n<p><strong>N\u00e3o inclui<\/strong><\/p>\n<ul>\n<li class=\"seKux _d _c\"><span class=\"biGQs _P pZUbB KxBGd\">Refei\u00e7\u00f5es e bebidas.<\/span><\/li>\n<\/ul>\n<hr \/>\n<div class=\"tyUdl\">\n<div class=\"biGQs _P fiohW ncFvv fOtGX\"><strong>Detalhes da partida<\/strong><\/div>\n<ul>\n<li class=\"seKux _d _c\"><span class=\"biGQs _P pZUbB KxBGd\">Gran Estanplaza Berrini, R. Arizona, 1517 &#8211; Cidade Mon\u00e7\u00f5es, S\u00e3o Paulo &#8211; SP, 04567-003, Brazil \u2022 Encontre o guia e o motorista no ponto de encontro e no hor\u00e1rio designado pelo menos 10 minutos antes da partida do passeio, \u00e0s 9h30. \u2022 Check-in: 9:00 da manh\u00e3 \u2022 Partida: 9:30 da manh\u00e3 \u2022 Ponto de refer\u00eancia: fica a uma curta dist\u00e2ncia a p\u00e9 da esta\u00e7\u00e3o de trem &#8220;Berrini&#8221;, parte da linha 9 da Emerald<\/span><\/li>\n<li class=\"seKux _d _c\"><span class=\"biGQs _P pZUbB KxBGd\">Grand Mercure Sp Itaim Bibi, R. Ten. Negr\u00e3o, 200 &#8211; Itaim Bibi, S\u00e3o Paulo &#8211; SP, 04530-030, Brazil \u2022 Ponto de encontro: Grand Mercure SP Itaim Bibi \u2022 Onde exatamente: Em frente \u00e0 entrada principal do hotel \u2022 Endere\u00e7o: Rua Tenente Negr\u00e3o, 200 &#8211; Itaim Bibi, S\u00e3o Paulo &#8211; SP, 04530-030 \u2022 Ponto de refer\u00eancia: pr\u00f3ximo \u00e0 avenida Presidente Juscelino Kubitschek \u2022 Hor\u00e1rio de sa\u00edda: 10h00.<\/span><\/li>\n<\/ul>\n<\/div>\n<div class=\"tyUdl\">\n<div class=\"biGQs _P fiohW ncFvv fOtGX\"><strong>Detalhes da volta<\/strong><\/div>\n<ul>\n<li class=\"seKux _d _c\"><span class=\"biGQs _P pZUbB KxBGd\">Retorna ao ponto de partida original<\/span><\/li>\n<\/ul>\n<\/div>\n<hr \/>\n<div id=\"fl-accordion-63500a38ab6d3-tab-3\" class=\"fl-accordion-button\" tabindex=\"0\" role=\"tab\" aria-selected=\"false\" aria-controls=\"fl-accordion-63500a38ab6d3-panel-3\" aria-expanded=\"true\"><strong>Acessibilidade<\/strong><\/div>\n<div id=\"fl-accordion-63500a38ab6d3-panel-3\" class=\"fl-accordion-content fl-clearfix\" role=\"tabpanel\" aria-labelledby=\"fl-accordion-63500a38ab6d3-tab-3\" aria-hidden=\"false\" aria-live=\"polite\">\n<div class=\"tyUdl\">\n<ul class=\"IMSns\">\n<li class=\"seKux _d _c\"><span class=\"biGQs _P pZUbB KxBGd\">Sem acessibilidade para cadeira de rodas<\/span><\/li>\n<li class=\"seKux _d _c\"><span class=\"biGQs _P pZUbB KxBGd\">Beb\u00eas devem permanecer no colo<\/span><\/li>\n<\/ul>\n<hr \/>\n<p><strong>Mais informa\u00e7\u00f5es<\/strong><\/p>\n<ul class=\"IMSns\">\n<li class=\"seKux _d _c\"><span class=\"biGQs _P pZUbB KxBGd\">A confirma\u00e7\u00e3o ser\u00e1 recebida no momento da reserva<\/span><\/li>\n<li class=\"seKux _d _c\"><span class=\"biGQs _P pZUbB KxBGd\">A maioria dos viajantes est\u00e1 apta a participar<\/span><\/li>\n<li class=\"seKux _d _c\"><span class=\"biGQs _P pZUbB KxBGd\">Esta excurs\u00e3o\/atividade ter\u00e1 at\u00e9 14 viajantes<\/span><\/li>\n<\/ul>\n<\/div>\n<\/div>\n","protected":false},"excerpt":{"rendered":"<h3 class=\"biGQs _P fiohW qWPrE ncFvv EVnyE\" data-automation=\"mainH1\"><strong>Tour Completo em S\u00e3o Paulo: Principais Atrativos em 7 horas \u2013 (Grupo Compartilhado)<\/strong><\/h3>\n<p>S\u00e3o Paulo \u00e9 uma cidade extensa que pode parecer assustadora para explorar. Viajantes com muita curiosidade, mas com pouco tempo, apreciar\u00e3o a chance de maximizar os passeios tur\u00edsticos com mais de 20 pontos tur\u00edsticos de S\u00e3o Paulo em um city tour eficiente de dia inteiro. Antes do fim do dia, voc\u00ea ver\u00e1 e aprender\u00e1 sobre destinos populares e favoritos, incluindo arquitetura de refer\u00eancia, bairros movimentados, compras, comidas e bebidas emblem\u00e1ticas, museus, arte de rua, igrejas e muito mais.<\/p>\n<style>\n        .botao {\n            display: inline-block;\n            padding: 10px 20px;\n            background-color: #007bff; \/* Cor de fundo do bot\u00e3o *\/\n            color: #fff; \/* Cor do texto do bot\u00e3o *\/\n            text-decoration: none; \/* Remover sublinhado padr\u00e3o de links *\/\n            border: none; \/* Remover borda padr\u00e3o *\/\n            border-radius: 5px; \/* Cantos arredondados *\/\n        }\n    <\/style>\n<p><a href=\"mailto:movepasseios@gmail.com\" class=\"botao\">Reserve<\/a><br \/>\n<\/body><\/p>\n","protected":false},"featured_media":551,"comment_status":"open","ping_status":"closed","template":"","meta":{"_uag_custom_page_level_css":"","site-sidebar-layout":"default","site-content-layout":"default","ast-site-content-layout":"default","site-content-style":"default","site-sidebar-style":"default","ast-global-header-display":"","ast-banner-title-visibility":"","ast-main-header-display":"","ast-hfb-above-header-display":"","ast-hfb-below-header-display":"","ast-hfb-mobile-header-display":"","site-post-title":"","ast-breadcrumbs-content":"","ast-featured-img":"","footer-sml-layout":"","ast-disable-related-posts":"","theme-transparent-header-meta":"default","adv-header-id-meta":"","stick-header-meta":"","header-above-stick-meta":"","header-main-stick-meta":"","header-below-stick-meta":"","astra-migrate-meta-layouts":"set","ast-page-background-enabled":"default","ast-page-background-meta":{"desktop":{"background-color":"","background-image":"","background-repeat":"repeat","background-position":"center center","background-size":"auto","background-attachment":"scroll","background-type":"","background-media":"","overlay-type":"","overlay-color":"","overlay-opacity":"","overlay-gradient":""},"tablet":{"background-color":"","background-image":"","background-repeat":"repeat","background-position":"center center","background-size":"auto","background-attachment":"scroll","background-type":"","background-media":"","overlay-type":"","overlay-color":"","overlay-opacity":"","overlay-gradient":""},"mobile":{"background-color":"","background-image":"","background-repeat":"repeat","background-position":"center center","background-size":"auto","background-attachment":"scroll","background-type":"","background-media":"","overlay-type":"","overlay-color":"","overlay-opacity":"","overlay-gradient":""}},"ast-content-background-meta":{"desktop":{"background-color":"var(--ast-global-color-5)","background-image":"","background-repeat":"repeat","background-position":"center center","background-size":"auto","background-attachment":"scroll","background-type":"","background-media":"","overlay-type":"","overlay-color":"","overlay-opacity":"","overlay-gradient":""},"tablet":{"background-color":"var(--ast-global-color-5)","background-image":"","background-repeat":"repeat","background-position":"center center","background-size":"auto","background-attachment":"scroll","background-type":"","background-media":"","overlay-type":"","overlay-color":"","overlay-opacity":"","overlay-gradient":""},"mobile":{"background-color":"var(--ast-global-color-5)","background-image":"","background-repeat":"repeat","background-position":"center center","background-size":"auto","background-attachment":"scroll","background-type":"","background-media":"","overlay-type":"","overlay-color":"","overlay-opacity":"","overlay-gradient":""}}},"product_brand":[],"product_cat":[18],"product_tag":[],"class_list":{"0":"post-550","1":"product","2":"type-product","3":"status-publish","4":"has-post-thumbnail","6":"product_cat-sao-paulo","7":"desktop-align-left","8":"tablet-align-left","9":"mobile-align-left","11":"first","12":"instock","13":"shipping-taxable","14":"purchasable","15":"product-type-simple"},"uagb_featured_image_src":{"full":["https:\/\/movetoursp.com\/wp-content\/uploads\/2023\/06\/img-masp-home.jpg",1117,749,false],"thumbnail":["https:\/\/movetoursp.com\/wp-content\/uploads\/2023\/06\/img-masp-home.jpg",150,101,false],"medium":["https:\/\/movetoursp.com\/wp-content\/uploads\/2023\/06\/img-masp-home.jpg",300,201,false],"medium_large":["https:\/\/movetoursp.com\/wp-content\/uploads\/2023\/06\/img-masp-home.jpg",768,515,false],"large":["https:\/\/movetoursp.com\/wp-content\/uploads\/2023\/06\/img-masp-home.jpg",1024,687,false],"master_addons_team_thumb":["https:\/\/movetoursp.com\/wp-content\/uploads\/2023\/06\/img-masp-home.jpg",250,168,false],"1536x1536":["https:\/\/movetoursp.com\/wp-content\/uploads\/2023\/06\/img-masp-home.jpg",1117,749,false],"2048x2048":["https:\/\/movetoursp.com\/wp-content\/uploads\/2023\/06\/img-masp-home.jpg",1117,749,false],"woocommerce_thumbnail":["https:\/\/movetoursp.com\/wp-content\/uploads\/2023\/06\/img-masp-home-300x300.jpg",300,300,true],"woocommerce_single":["https:\/\/movetoursp.com\/wp-content\/uploads\/2023\/06\/img-masp-home.jpg",600,402,false],"woocommerce_gallery_thumbnail":["https:\/\/movetoursp.com\/wp-content\/uploads\/2023\/06\/img-masp-home-100x100.jpg",100,100,true]},"uagb_author_info":{"display_name":"movetoursp.com","author_link":"https:\/\/movetoursp.com\/index.php\/author\/"},"uagb_comment_info":7,"uagb_excerpt":"Tour Completo em S\u00e3o Paulo: Principais Atrativos em 7 horas \u2013 (Grupo Compartilhado) S\u00e3o Paulo \u00e9 uma cidade extensa que pode parecer assustadora para explorar. Viajantes com muita curiosidade, mas com pouco tempo, apreciar\u00e3o a chance de maximizar os passeios tur\u00edsticos com mais de 20 pontos tur\u00edsticos de S\u00e3o Paulo em um city tour eficiente&hellip;","_links":{"self":[{"href":"https:\/\/movetoursp.com\/index.php\/wp-json\/wp\/v2\/product\/550","targetHints":{"allow":["GET"]}}],"collection":[{"href":"https:\/\/movetoursp.com\/index.php\/wp-json\/wp\/v2\/product"}],"about":[{"href":"https:\/\/movetoursp.com\/index.php\/wp-json\/wp\/v2\/types\/product"}],"replies":[{"embeddable":true,"href":"https:\/\/movetoursp.com\/index.php\/wp-json\/wp\/v2\/comments?post=550"}],"wp:featuredmedia":[{"embeddable":true,"href":"https:\/\/movetoursp.com\/index.php\/wp-json\/wp\/v2\/media\/551"}],"wp:attachment":[{"href":"https:\/\/movetoursp.com\/index.php\/wp-json\/wp\/v2\/media?parent=550"}],"wp:term":[{"taxonomy":"product_brand","embeddable":true,"href":"https:\/\/movetoursp.com\/index.php\/wp-json\/wp\/v2\/product_brand?post=550"},{"taxonomy":"product_cat","embeddable":true,"href":"https:\/\/movetoursp.com\/index.php\/wp-json\/wp\/v2\/product_cat?post=550"},{"taxonomy":"product_tag","embeddable":true,"href":"https:\/\/movetoursp.com\/index.php\/wp-json\/wp\/v2\/product_tag?post=550"}],"curies":[{"name":"wp","href":"https:\/\/api.w.org\/{rel}","templated":true}]}}